{"id":174,"date":"2023-07-25T15:14:27","date_gmt":"2023-07-25T15:14:27","guid":{"rendered":"https:\/\/viniciussabara.com\/salvador\/?page_id=174"},"modified":"2023-07-25T18:08:01","modified_gmt":"2023-07-25T18:08:01","slug":"home_old1","status":"publish","type":"page","link":"https:\/\/salvadorseminovos.com.br\/?page_id=174","title":{"rendered":"home_old1"},"content":{"rendered":"\t\t<div data-elementor-type=\"wp-page\" data-elementor-id=\"174\" class=\"elementor elementor-174\">\n\t\t\t\t\t\t\t\t\t<section class=\"elementor-section elementor-top-section elementor-element elementor-element-3124878 elementor-section-boxed elementor-section-height-default elementor-section-height-default\" data-id=\"3124878\" data-element_type=\"section\">\n\t\t\t\t\t\t<div class=\"elementor-container elementor-column-gap-default\">\n\t\t\t\t\t<div class=\"elementor-column elementor-col-100 elementor-top-column elementor-element elementor-element-c46e4e9\" data-id=\"c46e4e9\" data-element_type=\"column\">\n\t\t\t<div class=\"elementor-widget-wrap elementor-element-populated\">\n\t\t\t\t\t\t\t\t<div class=\"elementor-element elementor-element-d19b670 elementor-widget elementor-widget-spacer\" data-id=\"d19b670\" data-element_type=\"widget\" data-widget_type=\"spacer.default\">\n\t\t\t\t<div class=\"elementor-widget-container\">\n\t\t\t<style>\/*! elementor - v3.15.0 - 09-08-2023 *\/\n.elementor-column .elementor-spacer-inner{height:var(--spacer-size)}.e-con{--container-widget-width:100%}.e-con-inner>.elementor-widget-spacer,.e-con>.elementor-widget-spacer{width:var(--container-widget-width,var(--spacer-size));--align-self:var(--container-widget-align-self,initial);--flex-shrink:0}.e-con-inner>.elementor-widget-spacer>.elementor-widget-container,.e-con-inner>.elementor-widget-spacer>.elementor-widget-container>.elementor-spacer,.e-con>.elementor-widget-spacer>.elementor-widget-container,.e-con>.elementor-widget-spacer>.elementor-widget-container>.elementor-spacer{height:100%}.e-con-inner>.elementor-widget-spacer>.elementor-widget-container>.elementor-spacer>.elementor-spacer-inner,.e-con>.elementor-widget-spacer>.elementor-widget-container>.elementor-spacer>.elementor-spacer-inner{height:var(--container-widget-height,var(--spacer-size))}<\/style>\t\t<div class=\"elementor-spacer\">\n\t\t\t<div class=\"elementor-spacer-inner\"><\/div>\n\t\t<\/div>\n\t\t\t\t<\/div>\n\t\t\t\t<\/div>\n\t\t\t\t\t<\/div>\n\t\t<\/div>\n\t\t\t\t\t\t\t<\/div>\n\t\t<\/section>\n\t\t\t\t<section class=\"elementor-section elementor-top-section elementor-element elementor-element-22a4b4d elementor-section-boxed elementor-section-height-default elementor-section-height-default\" data-id=\"22a4b4d\" data-element_type=\"section\">\n\t\t\t\t\t\t<div class=\"elementor-container elementor-column-gap-default\">\n\t\t\t\t\t<div class=\"elementor-column elementor-col-100 elementor-top-column elementor-element elementor-element-f26fe80\" data-id=\"f26fe80\" data-element_type=\"column\">\n\t\t\t<div class=\"elementor-widget-wrap\">\n\t\t\t\t\t\t\t\t\t<\/div>\n\t\t<\/div>\n\t\t\t\t\t\t\t<\/div>\n\t\t<\/section>\n\t\t\t\t\t\t\t<\/div>\n\t\t","protected":false},"excerpt":{"rendered":"<p>CAMINH\u00c3O BASCULANTE TRUCK 6X2 MB ATEGO 2426 (C\u00f3pia)222 Sem categoria &#36;440,000.00 Avalia\u00e7\u00e3o 0 de 5Adicionar CAMINH\u00c3O BASCULANTE TRUCK 6X2 MB ATEGO 2426 (C\u00f3pia)222 Sem categoria &#36;440,000.00 Avalia\u00e7\u00e3o 0 de 5Adicionar CAMINH\u00c3O BASCULANTE TRUCK 6X2 MB ATEGO 2426 (C\u00f3pia) Sem categoria &#36;440,000.00 Avalia\u00e7\u00e3o 0 de 5Adicionar CAMINH\u00c3O BASCULANTE TRUCK 6X2 MB ATEGO 2426 Sem categoria &#36;440,000.00 [&hellip;]<\/p>\n","protected":false},"author":1,"featured_media":0,"parent":0,"menu_order":0,"comment_status":"closed","ping_status":"closed","template":"elementor_header_footer","meta":{"inline_featured_image":false,"footnotes":""},"class_list":["post-174","page","type-page","status-publish","hentry"],"yoast_head":"<!-- This site is optimized with the Yoast SEO plugin v20.12 - https:\/\/yoast.com\/wordpress\/plugins\/seo\/ -->\n<title>home_old1 - Salvador Seminovos<\/title>\n<meta name=\"robots\" content=\"index, follow, max-snippet:-1, max-image-preview:large, max-video-preview:-1\" \/>\n<link rel=\"canonical\" href=\"https:\/\/salvadorseminovos.com.br\/?page_id=174\" \/>\n<meta property=\"og:locale\" content=\"pt_BR\" \/>\n<meta property=\"og:type\" content=\"article\" \/>\n<meta property=\"og:title\" content=\"home_old1 - Salvador Seminovos\" \/>\n<meta property=\"og:description\" content=\"CAMINH\u00c3O BASCULANTE TRUCK 6X2 MB ATEGO 2426 (C\u00f3pia)222 Sem categoria &#036;440,000.00 Avalia\u00e7\u00e3o 0 de 5Adicionar CAMINH\u00c3O BASCULANTE TRUCK 6X2 MB ATEGO 2426 (C\u00f3pia)222 Sem categoria &#036;440,000.00 Avalia\u00e7\u00e3o 0 de 5Adicionar CAMINH\u00c3O BASCULANTE TRUCK 6X2 MB ATEGO 2426 (C\u00f3pia) Sem categoria &#036;440,000.00 Avalia\u00e7\u00e3o 0 de 5Adicionar CAMINH\u00c3O BASCULANTE TRUCK 6X2 MB ATEGO 2426 Sem categoria &#036;440,000.00 [&hellip;]\" \/>\n<meta property=\"og:url\" content=\"https:\/\/salvadorseminovos.com.br\/?page_id=174\" \/>\n<meta property=\"og:site_name\" content=\"Salvador Seminovos\" \/>\n<meta property=\"article:modified_time\" content=\"2023-07-25T18:08:01+00:00\" \/>\n<meta property=\"og:image\" content=\"https:\/\/viniciussabara.com\/salvador\/wp-content\/uploads\/2023\/07\/WhatsApp-Image-2023-07-14-at-16.42.09-2.jpeg\" \/>\n<meta name=\"twitter:card\" content=\"summary_large_image\" \/>\n<script type=\"application\/ld+json\" class=\"yoast-schema-graph\">{\"@context\":\"https:\/\/schema.org\",\"@graph\":[{\"@type\":\"WebPage\",\"@id\":\"https:\/\/salvadorseminovos.com.br\/?page_id=174\",\"url\":\"https:\/\/salvadorseminovos.com.br\/?page_id=174\",\"name\":\"home_old1 - Salvador Seminovos\",\"isPartOf\":{\"@id\":\"https:\/\/salvadorseminovos.com.br\/#website\"},\"datePublished\":\"2023-07-25T15:14:27+00:00\",\"dateModified\":\"2023-07-25T18:08:01+00:00\",\"breadcrumb\":{\"@id\":\"https:\/\/salvadorseminovos.com.br\/?page_id=174#breadcrumb\"},\"inLanguage\":\"pt-BR\",\"potentialAction\":[{\"@type\":\"ReadAction\",\"target\":[\"https:\/\/salvadorseminovos.com.br\/?page_id=174\"]}]},{\"@type\":\"BreadcrumbList\",\"@id\":\"https:\/\/salvadorseminovos.com.br\/?page_id=174#breadcrumb\",\"itemListElement\":[{\"@type\":\"ListItem\",\"position\":1,\"name\":\"In\u00edcio\",\"item\":\"https:\/\/salvadorseminovos.com.br\/\"},{\"@type\":\"ListItem\",\"position\":2,\"name\":\"home_old1\"}]},{\"@type\":\"WebSite\",\"@id\":\"https:\/\/salvadorseminovos.com.br\/#website\",\"url\":\"https:\/\/salvadorseminovos.com.br\/\",\"name\":\"Salvador Seminovos\",\"description\":\"Equipamentos revisados para venda\",\"publisher\":{\"@id\":\"https:\/\/salvadorseminovos.com.br\/#organization\"},\"potentialAction\":[{\"@type\":\"SearchAction\",\"target\":{\"@type\":\"EntryPoint\",\"urlTemplate\":\"https:\/\/salvadorseminovos.com.br\/?s={search_term_string}\"},\"query-input\":\"required name=search_term_string\"}],\"inLanguage\":\"pt-BR\"},{\"@type\":\"Organization\",\"@id\":\"https:\/\/salvadorseminovos.com.br\/#organization\",\"name\":\"Seminovos\",\"url\":\"https:\/\/salvadorseminovos.com.br\/\",\"logo\":{\"@type\":\"ImageObject\",\"inLanguage\":\"pt-BR\",\"@id\":\"https:\/\/salvadorseminovos.com.br\/#\/schema\/logo\/image\/\",\"url\":\"https:\/\/viniciussabara.com\/salvador\/wp-content\/uploads\/2021\/12\/logo.png\",\"contentUrl\":\"https:\/\/viniciussabara.com\/salvador\/wp-content\/uploads\/2021\/12\/logo.png\",\"width\":666,\"height\":228,\"caption\":\"Seminovos\"},\"image\":{\"@id\":\"https:\/\/salvadorseminovos.com.br\/#\/schema\/logo\/image\/\"}}]}<\/script>\n<!-- \/ Yoast SEO plugin. -->","yoast_head_json":{"title":"home_old1 - Salvador Seminovos","robots":{"index":"index","follow":"follow","max-snippet":"max-snippet:-1","max-image-preview":"max-image-preview:large","max-video-preview":"max-video-preview:-1"},"canonical":"https:\/\/salvadorseminovos.com.br\/?page_id=174","og_locale":"pt_BR","og_type":"article","og_title":"home_old1 - Salvador Seminovos","og_description":"CAMINH\u00c3O BASCULANTE TRUCK 6X2 MB ATEGO 2426 (C\u00f3pia)222 Sem categoria &#36;440,000.00 Avalia\u00e7\u00e3o 0 de 5Adicionar CAMINH\u00c3O BASCULANTE TRUCK 6X2 MB ATEGO 2426 (C\u00f3pia)222 Sem categoria &#36;440,000.00 Avalia\u00e7\u00e3o 0 de 5Adicionar CAMINH\u00c3O BASCULANTE TRUCK 6X2 MB ATEGO 2426 (C\u00f3pia) Sem categoria &#36;440,000.00 Avalia\u00e7\u00e3o 0 de 5Adicionar CAMINH\u00c3O BASCULANTE TRUCK 6X2 MB ATEGO 2426 Sem categoria &#36;440,000.00 [&hellip;]","og_url":"https:\/\/salvadorseminovos.com.br\/?page_id=174","og_site_name":"Salvador Seminovos","article_modified_time":"2023-07-25T18:08:01+00:00","og_image":[{"url":"https:\/\/viniciussabara.com\/salvador\/wp-content\/uploads\/2023\/07\/WhatsApp-Image-2023-07-14-at-16.42.09-2.jpeg"}],"twitter_card":"summary_large_image","schema":{"@context":"https:\/\/schema.org","@graph":[{"@type":"WebPage","@id":"https:\/\/salvadorseminovos.com.br\/?page_id=174","url":"https:\/\/salvadorseminovos.com.br\/?page_id=174","name":"home_old1 - Salvador Seminovos","isPartOf":{"@id":"https:\/\/salvadorseminovos.com.br\/#website"},"datePublished":"2023-07-25T15:14:27+00:00","dateModified":"2023-07-25T18:08:01+00:00","breadcrumb":{"@id":"https:\/\/salvadorseminovos.com.br\/?page_id=174#breadcrumb"},"inLanguage":"pt-BR","potentialAction":[{"@type":"ReadAction","target":["https:\/\/salvadorseminovos.com.br\/?page_id=174"]}]},{"@type":"BreadcrumbList","@id":"https:\/\/salvadorseminovos.com.br\/?page_id=174#breadcrumb","itemListElement":[{"@type":"ListItem","position":1,"name":"In\u00edcio","item":"https:\/\/salvadorseminovos.com.br\/"},{"@type":"ListItem","position":2,"name":"home_old1"}]},{"@type":"WebSite","@id":"https:\/\/salvadorseminovos.com.br\/#website","url":"https:\/\/salvadorseminovos.com.br\/","name":"Salvador Seminovos","description":"Equipamentos revisados para venda","publisher":{"@id":"https:\/\/salvadorseminovos.com.br\/#organization"},"potentialAction":[{"@type":"SearchAction","target":{"@type":"EntryPoint","urlTemplate":"https:\/\/salvadorseminovos.com.br\/?s={search_term_string}"},"query-input":"required name=search_term_string"}],"inLanguage":"pt-BR"},{"@type":"Organization","@id":"https:\/\/salvadorseminovos.com.br\/#organization","name":"Seminovos","url":"https:\/\/salvadorseminovos.com.br\/","logo":{"@type":"ImageObject","inLanguage":"pt-BR","@id":"https:\/\/salvadorseminovos.com.br\/#\/schema\/logo\/image\/","url":"https:\/\/viniciussabara.com\/salvador\/wp-content\/uploads\/2021\/12\/logo.png","contentUrl":"https:\/\/viniciussabara.com\/salvador\/wp-content\/uploads\/2021\/12\/logo.png","width":666,"height":228,"caption":"Seminovos"},"image":{"@id":"https:\/\/salvadorseminovos.com.br\/#\/schema\/logo\/image\/"}}]}},"_links":{"self":[{"href":"https:\/\/salvadorseminovos.com.br\/index.php?rest_route=\/wp\/v2\/pages\/174","targetHints":{"allow":["GET"]}}],"collection":[{"href":"https:\/\/salvadorseminovos.com.br\/index.php?rest_route=\/wp\/v2\/pages"}],"about":[{"href":"https:\/\/salvadorseminovos.com.br\/index.php?rest_route=\/wp\/v2\/types\/page"}],"author":[{"embeddable":true,"href":"https:\/\/salvadorseminovos.com.br\/index.php?rest_route=\/wp\/v2\/users\/1"}],"replies":[{"embeddable":true,"href":"https:\/\/salvadorseminovos.com.br\/index.php?rest_route=%2Fwp%2Fv2%2Fcomments&post=174"}],"version-history":[{"count":17,"href":"https:\/\/salvadorseminovos.com.br\/index.php?rest_route=\/wp\/v2\/pages\/174\/revisions"}],"predecessor-version":[{"id":247,"href":"https:\/\/salvadorseminovos.com.br\/index.php?rest_route=\/wp\/v2\/pages\/174\/revisions\/247"}],"wp:attachment":[{"href":"https:\/\/salvadorseminovos.com.br\/index.php?rest_route=%2Fwp%2Fv2%2Fmedia&parent=174"}],"curies":[{"name":"wp","href":"https:\/\/api.w.org\/{rel}","templated":true}]}}